{"id":13703,"date":"2024-08-12T14:07:34","date_gmt":"2024-08-12T14:07:34","guid":{"rendered":"https:\/\/sensual-pix.com\/?page_id=13703"},"modified":"2025-02-12T23:00:37","modified_gmt":"2025-02-12T23:00:37","slug":"mosaiques-ai","status":"publish","type":"page","link":"https:\/\/sensual-pix.com\/home-1\/mosaiques-ai\/","title":{"rendered":"Mosaiques AI Asia"},"content":{"rendered":"<p><b>IMPORTANT :<\/b><strong>\u00a0<\/strong><\/p>\n<p><strong>Pour les mosa\u00efques, les impressions sont au minimum 90 x 60 ou 150 x 100.<br \/>Les formats plus petits\u00a0 ne donnent pas le rendu que nous souhaitons.\u00a0<\/strong><\/p>\n<p><strong style=\"color: #000000; font-family: Calibri, sans-serif; font-size: 12pt; text-align: start;\">Toutes les mosa\u00efques sont num\u00e9rot\u00e9es et limit\u00e9es \u00e0 7 exemplaires par tailles.<\/strong><strong style=\"color: #000000; font-family: Calibri, sans-serif; font-size: 12pt; text-align: start;\">\u00a0<\/strong><\/p>\n<p><strong style=\"color: #000000; font-family: Calibri, sans-serif; font-size: 12pt; text-align: start;\">Vous recevrez le certificat d&#8217;\u0153uvre original avec le num\u00e9ro certifi\u00e9.\u00a0<\/strong><strong style=\"color: var( --e-global-color-text ); font-family: var( --e-global-typography-text-font-family ), Sans-serif;\">\u00a0<\/strong><\/p>\n<p>https:\/\/youtu.be\/TnKuA5dmp60<br \/>\n\t\t<a href=\"https:\/\/fr.mylabphoto.com\/configurator\/step_one?id=1025404&#038;uid=2024-08-12_66ba25822f0ee\"   ><br \/>\n\t\t<img data-recalc-dims=\"1\" fetchpriority=\"high\" width=\"10000\" height=\"10000\" src=\"https:\/\/i0.wp.com\/sensual-pix.com\/wp-content\/uploads\/2024\/08\/Asia1.jpg?resize=10000%2C10000&#038;ssl=1\" alt=\"\" decoding=\"async\" \/>\t<\/p>\n<h3>\n\t\t\t\t\t\tMosa\u00efque AI &#8211; Asia 1<br \/>\n\t\t\t<\/h3>\n<p>\t\t<\/a><br \/>\n\t\t<a href=\"\"   ><br \/>\n\t\t<img data-recalc-dims=\"1\" width=\"10000\" height=\"10000\" src=\"https:\/\/i0.wp.com\/sensual-pix.com\/wp-content\/uploads\/2024\/08\/Asia4.jpg?resize=10000%2C10000&#038;ssl=1\" alt=\"\" decoding=\"async\" \/>\t<\/p>\n<h3>\n\tMosaique IA &#8211; Asia 2<\/h3>\n<p>\t\t<\/a><br \/>\n\t\t<a href=\"\"   ><br \/>\n\t\t<img data-recalc-dims=\"1\" width=\"10000\" height=\"10000\" src=\"https:\/\/i0.wp.com\/sensual-pix.com\/wp-content\/uploads\/2024\/07\/Asia20.jpg?resize=10000%2C10000&#038;ssl=1\" alt=\"\" decoding=\"async\" \/>\t<\/p>\n<h3>\n\tMosaique AI &#8211; Asia 3<\/h3>\n<p>\t\t<\/a><\/p>\n","protected":false},"excerpt":{"rendered":"<p>IMPORTANT :\u00a0 Pour les mosa\u00efques, les impressions sont au minimum 90 x 60 ou 150 x 100.Les formats plus petits\u00a0 ne donnent pas le rendu que nous souhaitons.\u00a0 Toutes les mosa\u00efques sont num\u00e9rot\u00e9es et limit\u00e9es \u00e0 7 exemplaires par tailles.\u00a0 Vous recevrez le certificat d&#8217;\u0153uvre original avec le num\u00e9ro certifi\u00e9.\u00a0\u00a0 https:\/\/youtu.be\/TnKuA5dmp60 Mosa\u00efque AI &#8211; Asia [&hellip;]<\/p>\n","protected":false},"author":2,"featured_media":0,"parent":0,"menu_order":0,"comment_status":"closed","ping_status":"closed","template":"","meta":{"footnotes":""},"class_list":["post-13703","page","type-page","status-publish","hentry"],"jetpack_sharing_enabled":true,"_links":{"self":[{"href":"https:\/\/sensual-pix.com\/home-1\/wp-json\/wp\/v2\/pages\/13703","targetHints":{"allow":["GET"]}}],"collection":[{"href":"https:\/\/sensual-pix.com\/home-1\/wp-json\/wp\/v2\/pages"}],"about":[{"href":"https:\/\/sensual-pix.com\/home-1\/wp-json\/wp\/v2\/types\/page"}],"author":[{"embeddable":true,"href":"https:\/\/sensual-pix.com\/home-1\/wp-json\/wp\/v2\/users\/2"}],"replies":[{"embeddable":true,"href":"https:\/\/sensual-pix.com\/home-1\/wp-json\/wp\/v2\/comments?post=13703"}],"version-history":[{"count":10,"href":"https:\/\/sensual-pix.com\/home-1\/wp-json\/wp\/v2\/pages\/13703\/revisions"}],"predecessor-version":[{"id":13804,"href":"https:\/\/sensual-pix.com\/home-1\/wp-json\/wp\/v2\/pages\/13703\/revisions\/13804"}],"wp:attachment":[{"href":"https:\/\/sensual-pix.com\/home-1\/wp-json\/wp\/v2\/media?parent=13703"}],"curies":[{"name":"wp","href":"https:\/\/api.w.org\/{rel}","templated":true}]}}